{"id":292,"date":"2025-07-11T13:17:07","date_gmt":"2025-07-11T11:17:07","guid":{"rendered":"https:\/\/dubois.org.pl\/?page_id=292"},"modified":"2026-02-01T20:38:00","modified_gmt":"2026-02-01T19:38:00","slug":"deklaracja-czlonkowska","status":"publish","type":"page","link":"https:\/\/dubois.org.pl\/index.php\/deklaracja-czlonkowska\/","title":{"rendered":"Do\u0142\u0105cz do nas"},"content":{"rendered":"\n<figure class=\"wp-block-image size-large\"><a href=\"https:\/\/forms.gle\/7wQDhGNpmmKBeQQq7\"><img loading=\"lazy\" decoding=\"async\" width=\"1024\" height=\"512\" src=\"https:\/\/dubois.org.pl\/wp-content\/uploads\/2025\/07\/Black-And-Gold-Elegant-Opening-Soon-Banner-1024x512.jpg\" alt=\"\" class=\"wp-image-314\" srcset=\"https:\/\/dubois.org.pl\/wp-content\/uploads\/2025\/07\/Black-And-Gold-Elegant-Opening-Soon-Banner-1024x512.jpg 1024w, https:\/\/dubois.org.pl\/wp-content\/uploads\/2025\/07\/Black-And-Gold-Elegant-Opening-Soon-Banner-300x150.jpg 300w, https:\/\/dubois.org.pl\/wp-content\/uploads\/2025\/07\/Black-And-Gold-Elegant-Opening-Soon-Banner-768x384.jpg 768w, https:\/\/dubois.org.pl\/wp-content\/uploads\/2025\/07\/Black-And-Gold-Elegant-Opening-Soon-Banner-1536x768.jpg 1536w, https:\/\/dubois.org.pl\/wp-content\/uploads\/2025\/07\/Black-And-Gold-Elegant-Opening-Soon-Banner-2048x1024.jpg 2048w\" sizes=\"auto, (max-width: 767px) 89vw, (max-width: 1000px) 54vw, (max-width: 1071px) 543px, 580px\" \/><\/a><\/figure>\n\n\n\n<p>Jest nam niezmiernie mi\u0142o, \u017ce chcesz zosta\u0107 cz\u0142onkiem naszego Towarzystwa!<\/p>\n\n\n\n<p>Zrzeszamy absolwent\u00f3w, wychowank\u00f3w, wychowawc\u00f3w oraz przyjaci\u00f3\u0142 I Liceum Og\u00f3lnokszta\u0142c\u0105cego im. Stanis\u0142awa Dubois. Naszym celem jest integracja, wsparcie szko\u0142y oraz piel\u0119gnowanie tradycji, a tak\u017ce organizacja wydarze\u0144 takich jak XII Zjazd Absolwent\u00f3w Liceum Dubois.<\/p>\n\n\n\n<p>Aby do nas do\u0142\u0105czy\u0107 wype\u0142nij <strong><a href=\"https:\/\/forms.gle\/7ks4ErSfiLcBbyGB8\">t\u0119 deklaracj\u0119<\/a><\/strong>.<\/p>\n\n\n\n<p>Sk\u0142adka cz\u0142onkowska to <strong>50 z\u0142<\/strong>. Wp\u0142aty prosimy dokonywa\u0107 na rachunek prowadzony przez PEKAO II Oddzia\u0142 w Koszalinie.<\/p>\n\n\n\n<p><strong>Dane do przelewu:<\/strong><\/p>\n\n\n\n<p>Towarzystwo Dubois <\/p>\n\n\n\n<p>nr rachunku:<\/p>\n\n\n\n<p><strong>58 1240 3653 1111 0000 4188 8014<\/strong><\/p>\n\n\n\n<p>Prosimy w tre\u015bci przelewu poda\u0107:<\/p>\n\n\n\n<p>imi\u0119 i nazwisko, sk\u0142adka cz\u0142onkowska<\/p>\n\n\n\n<p>Je\u015bli ju\u017c op\u0142aci\u0142e\u015b sk\u0142adk\u0119, to wystarczy, \u017ce wype\u0142nisz formularz.<\/p>\n","protected":false},"excerpt":{"rendered":"<p>Jest nam niezmiernie mi\u0142o, \u017ce chcesz zosta\u0107 cz\u0142onkiem naszego Towarzystwa! Zrzeszamy absolwent\u00f3w, wychowank\u00f3w, wychowawc\u00f3w oraz przyjaci\u00f3\u0142 I Liceum Og\u00f3lnokszta\u0142c\u0105cego im. Stanis\u0142awa Dubois. Naszym celem jest integracja, wsparcie szko\u0142y oraz piel\u0119gnowanie tradycji, a tak\u017ce organizacja wydarze\u0144 takich jak XII Zjazd Absolwent\u00f3w Liceum Dubois. Aby do nas do\u0142\u0105czy\u0107 wype\u0142nij t\u0119 deklaracj\u0119. Sk\u0142adka cz\u0142onkowska to 50 z\u0142. Wp\u0142aty &hellip; <\/p>\n<p class=\"link-more\"><a href=\"https:\/\/dubois.org.pl\/index.php\/deklaracja-czlonkowska\/\" class=\"more-link\">Czytaj dalej<span class=\"screen-reader-text\"> \u201eDo\u0142\u0105cz do nas\u201d<\/span><\/a><\/p>\n","protected":false},"author":4,"featured_media":0,"parent":0,"menu_order":0,"comment_status":"closed","ping_status":"closed","template":"","meta":{"footnotes":""},"class_list":["post-292","page","type-page","status-publish","hentry"],"_links":{"self":[{"href":"https:\/\/dubois.org.pl\/index.php\/wp-json\/wp\/v2\/pages\/292","targetHints":{"allow":["GET"]}}],"collection":[{"href":"https:\/\/dubois.org.pl\/index.php\/wp-json\/wp\/v2\/pages"}],"about":[{"href":"https:\/\/dubois.org.pl\/index.php\/wp-json\/wp\/v2\/types\/page"}],"author":[{"embeddable":true,"href":"https:\/\/dubois.org.pl\/index.php\/wp-json\/wp\/v2\/users\/4"}],"replies":[{"embeddable":true,"href":"https:\/\/dubois.org.pl\/index.php\/wp-json\/wp\/v2\/comments?post=292"}],"version-history":[{"count":5,"href":"https:\/\/dubois.org.pl\/index.php\/wp-json\/wp\/v2\/pages\/292\/revisions"}],"predecessor-version":[{"id":340,"href":"https:\/\/dubois.org.pl\/index.php\/wp-json\/wp\/v2\/pages\/292\/revisions\/340"}],"wp:attachment":[{"href":"https:\/\/dubois.org.pl\/index.php\/wp-json\/wp\/v2\/media?parent=292"}],"curies":[{"name":"wp","href":"https:\/\/api.w.org\/{rel}","templated":true}]}}