{"id":260,"date":"2025-05-01T17:56:23","date_gmt":"2025-05-01T15:56:23","guid":{"rendered":"https:\/\/dubois.org.pl\/?page_id=260"},"modified":"2025-05-01T17:57:59","modified_gmt":"2025-05-01T15:57:59","slug":"renowacja-wnetrza-szkoly","status":"publish","type":"page","link":"https:\/\/dubois.org.pl\/index.php\/renowacja-wnetrza-szkoly\/","title":{"rendered":"Renowacja wn\u0119trza Szko\u0142y"},"content":{"rendered":"\n<p>Jako grupa funkcjonuj\u0105ca w ramach Towarzystwa Dubois, chcemy zainicjowa\u0107 i podj\u0105\u0107 aktywne dzia\u0142ania na rzecz odrestaurowania wn\u0119trza naszej szko\u0142y. \u00a0<\/p>\n","protected":false},"excerpt":{"rendered":"<p>Jako grupa funkcjonuj\u0105ca w ramach Towarzystwa Dubois, chcemy zainicjowa\u0107 i podj\u0105\u0107 aktywne dzia\u0142ania na rzecz odrestaurowania wn\u0119trza naszej szko\u0142y. \u00a0<\/p>\n","protected":false},"author":4,"featured_media":0,"parent":0,"menu_order":0,"comment_status":"closed","ping_status":"closed","template":"","meta":{"footnotes":""},"class_list":["post-260","page","type-page","status-publish","hentry"],"_links":{"self":[{"href":"https:\/\/dubois.org.pl\/index.php\/wp-json\/wp\/v2\/pages\/260","targetHints":{"allow":["GET"]}}],"collection":[{"href":"https:\/\/dubois.org.pl\/index.php\/wp-json\/wp\/v2\/pages"}],"about":[{"href":"https:\/\/dubois.org.pl\/index.php\/wp-json\/wp\/v2\/types\/page"}],"author":[{"embeddable":true,"href":"https:\/\/dubois.org.pl\/index.php\/wp-json\/wp\/v2\/users\/4"}],"replies":[{"embeddable":true,"href":"https:\/\/dubois.org.pl\/index.php\/wp-json\/wp\/v2\/comments?post=260"}],"version-history":[{"count":2,"href":"https:\/\/dubois.org.pl\/index.php\/wp-json\/wp\/v2\/pages\/260\/revisions"}],"predecessor-version":[{"id":264,"href":"https:\/\/dubois.org.pl\/index.php\/wp-json\/wp\/v2\/pages\/260\/revisions\/264"}],"wp:attachment":[{"href":"https:\/\/dubois.org.pl\/index.php\/wp-json\/wp\/v2\/media?parent=260"}],"curies":[{"name":"wp","href":"https:\/\/api.w.org\/{rel}","templated":true}]}}