{"id":160,"date":"2025-04-12T12:20:52","date_gmt":"2025-04-12T10:20:52","guid":{"rendered":"https:\/\/dubois.org.pl\/?page_id=160"},"modified":"2026-02-01T20:43:29","modified_gmt":"2026-02-01T19:43:29","slug":"o-nas","status":"publish","type":"page","link":"https:\/\/dubois.org.pl\/index.php\/o-nas\/","title":{"rendered":"O nas"},"content":{"rendered":"\n<p>Jeste\u015bmy Towarzystwem zrzeszaj\u0105cym wychowank\u00f3w, wychowawc\u00f3w i przyjaci\u00f3\u0142 Gimnazjum i Liceum im. Stanis\u0142awa Dubois. Dzia\u0142amy nieprzerwanie od 1996 r.<\/p>\n","protected":false},"excerpt":{"rendered":"<p>Jeste\u015bmy Towarzystwem zrzeszaj\u0105cym wychowank\u00f3w, wychowawc\u00f3w i przyjaci\u00f3\u0142 Gimnazjum i Liceum im. Stanis\u0142awa Dubois. Dzia\u0142amy nieprzerwanie od 1996 r.<\/p>\n","protected":false},"author":1,"featured_media":0,"parent":0,"menu_order":0,"comment_status":"closed","ping_status":"closed","template":"","meta":{"footnotes":""},"class_list":["post-160","page","type-page","status-publish","hentry"],"_links":{"self":[{"href":"https:\/\/dubois.org.pl\/index.php\/wp-json\/wp\/v2\/pages\/160","targetHints":{"allow":["GET"]}}],"collection":[{"href":"https:\/\/dubois.org.pl\/index.php\/wp-json\/wp\/v2\/pages"}],"about":[{"href":"https:\/\/dubois.org.pl\/index.php\/wp-json\/wp\/v2\/types\/page"}],"author":[{"embeddable":true,"href":"https:\/\/dubois.org.pl\/index.php\/wp-json\/wp\/v2\/users\/1"}],"replies":[{"embeddable":true,"href":"https:\/\/dubois.org.pl\/index.php\/wp-json\/wp\/v2\/comments?post=160"}],"version-history":[{"count":4,"href":"https:\/\/dubois.org.pl\/index.php\/wp-json\/wp\/v2\/pages\/160\/revisions"}],"predecessor-version":[{"id":345,"href":"https:\/\/dubois.org.pl\/index.php\/wp-json\/wp\/v2\/pages\/160\/revisions\/345"}],"wp:attachment":[{"href":"https:\/\/dubois.org.pl\/index.php\/wp-json\/wp\/v2\/media?parent=160"}],"curies":[{"name":"wp","href":"https:\/\/api.w.org\/{rel}","templated":true}]}}